{"id":18,"date":"2016-09-30T16:27:20","date_gmt":"2016-09-30T14:27:20","guid":{"rendered":"http:\/\/komba-vgf.de\/wp\/?page_id=18"},"modified":"2016-09-30T16:28:04","modified_gmt":"2016-09-30T14:28:04","slug":"verwaltung","status":"publish","type":"page","link":"https:\/\/komba-vgf.de\/wp\/?page_id=18","title":{"rendered":"Verwaltung"},"content":{"rendered":"<p>Unsere Ziele in der Verwaltung:<\/p>\n<p>Leiharbeiternehmer<\/p>\n<p>Einsatz von Leiharbeitnehmern f\u00fcr einen begrenzten Zeitraum!!\u00a0\u00a0\u00a0\u00a0\u00a0 Ja<br \/>\nEinsatz von Leiharbeitnehmern in F\u00fchrungsposition \u00fcber Jahre\u00a0\u00a0\u00a0\u00a0\u00a0\u00a0\u00a0 Nein<\/p>\n<p>Qualifizierung und Weiterbildung von VGF Mitarbeitern, das dauert, macht aber richtig Sinn. Mitarbeiter, die eine Qualifizierung durch den Arbeitgeber (AG) erfahren, identifizieren sich erfahrungsgem\u00e4\u00df eher mit dem AG. Nachhaltigkeit, die in aller Munde ist, wird hierdurch gelebt.<br \/>\nDAS wollen Wir !!<\/p>\n<p>Leiharbeitnehmer, die von eigenem Personal eingearbeitet werden m\u00fcssen, was zumindest in der Anfangsphase zu einer Mehrbelastung f\u00fchrt, greifen know-how ab und sind Heuschrecken \u00e4hnlich bald wieder verschwunden. Was bleibt ist wieder die Mehrbelastung unserer Mitarbeiter.<\/p>\n<p>Das wollen wir nicht !!<\/p>\n<p>Verwaltung \/ Technik<\/p>\n<p>1 oder 2 Jahresvertr\u00e4ge bei der VGF lehnen wir ab.<br \/>\nIn Technik und Verwaltung werden die neuen Mitarbeiter, ausgebildet im eigenen Haus, nur mit 1 oder 2 Jahresvertr\u00e4gen eingestellt.<br \/>\nDas wollen wir nicht !!<br \/>\nDenn, wenn der Arbeitgeber nach einer Ausbildungszeit von 2 \u00bd\u00a0 \u2013 3 Jahren nicht wei\u00df, ob der Auszubildende f\u00fcr die Stelle geeignet ist, ist in der Ausbildung etwas falsch gelaufen oder der Arbeitgeber hat seine Hausaufgaben nicht gemacht.<br \/>\nJa, es steht so im TV-N Hessen f\u00fcr die Auszubildenden..<br \/>\nDennoch ist es kein gutes Signal an die neuen Kolleginnen und Kollegen, ihnen erst mal einen Jahresvertrag anzubieten.<\/p>\n<p>Diese Ansicht wird durch den dbb untermauert.<\/p>\n<p>Von wegen sicherer Arbeitsplatz: Im \u00f6ffentlichen Dienst ist die Zahl der befristeten Stellen auf einem Rekordniveau. \u201eIn den letzten zehn Jahren haben wir im Arbeitnehmerbereich einen Anstieg um etwa 36 Prozent bei den Befristungen zu verzeichnen\u201c, sagte der Zweite Vorsitzende und Fachvorstand Tarifpolitik des dbb, Willi Russ, am 6. M\u00e4rz 2014 in Berlin. \u201eIn vielen Bereichen kann der \u00f6ffentliche Dienst schon bei der Bezahlung nicht mit der Privatwirtschaft mithalten. Wenn nun auch mehr und mehr der Faktor Sicherheit wegbr\u00f6ckelt, braucht sich niemand \u00fcber immer gr\u00f6\u00dferen Nachwuchs- und Fachkr\u00e4ftemangel zu wundern.\u201c<br \/>\n\u201eJunge Menschen wollen eine echte Perspektive, bevor sie sich f\u00fcr einen Arbeitgeber entscheiden. Daher fordern wir, die unbefristete \u00dcbernahme aller Auszubildenden im Tarifvertrag festzuschreiben\u201c, bekr\u00e4ftigte Russ mit Blick auf die Verhandlungen zur Einkommensrunde mit Bund und Kommunen, die am 13. M\u00e4rz in Potsdam beginnen. Von unter 300.000 im Jahr 2002 sei die Zahl der befristeten Stellen im Arbeitnehmerbereich auf \u00fcber 400.000 im Jahr 2012 gewachsen. \u201eEs ist an der Zeit, ein Zeichen zu setzen und den \u00f6ffentlichen Dienst als attraktiven Arbeitgeber zu positionieren. Das Ende der heutigen Befristungspraxis und ein deutliches Einkommensplus sind daf\u00fcr der richtige Weg.\u201c<\/p>\n<p>Unbefristete Arbeitsvertr\u00e4ge f\u00fcr alle ehemaligen Auszubildende und neue Mitarbeiter.<\/p>\n<p>DAS wollen wir !!<\/p>\n<p>Bezahlung nach dem Stellenwert.<\/p>\n<p>Es ist immer noch \u00fcblich bei der VGF das Mitarbeiter nicht nach Ihrem Stellenwert bezahlt werden.<\/p>\n<p>WIR wollen das nicht !!<\/p>\n","protected":false},"excerpt":{"rendered":"<p>Unsere Ziele in der Verwaltung: Leiharbeiternehmer Einsatz von Leiharbeitnehmern f\u00fcr einen begrenzten Zeitraum!!\u00a0\u00a0\u00a0\u00a0\u00a0 Ja Einsatz von Leiharbeitnehmern in F\u00fchrungsposition \u00fcber Jahre\u00a0\u00a0\u00a0\u00a0\u00a0\u00a0\u00a0 Nein Qualifizierung und Weiterbildung&#8230;<\/p>\n","protected":false},"author":1,"featured_media":0,"parent":0,"menu_order":0,"comment_status":"closed","ping_status":"closed","template":"","meta":{"footnotes":""},"class_list":["post-18","page","type-page","status-publish","hentry","entry"],"_links":{"self":[{"href":"https:\/\/komba-vgf.de\/wp\/index.php?rest_route=\/wp\/v2\/pages\/18","targetHints":{"allow":["GET"]}}],"collection":[{"href":"https:\/\/komba-vgf.de\/wp\/index.php?rest_route=\/wp\/v2\/pages"}],"about":[{"href":"https:\/\/komba-vgf.de\/wp\/index.php?rest_route=\/wp\/v2\/types\/page"}],"author":[{"embeddable":true,"href":"https:\/\/komba-vgf.de\/wp\/index.php?rest_route=\/wp\/v2\/users\/1"}],"replies":[{"embeddable":true,"href":"https:\/\/komba-vgf.de\/wp\/index.php?rest_route=%2Fwp%2Fv2%2Fcomments&post=18"}],"version-history":[{"count":2,"href":"https:\/\/komba-vgf.de\/wp\/index.php?rest_route=\/wp\/v2\/pages\/18\/revisions"}],"predecessor-version":[{"id":20,"href":"https:\/\/komba-vgf.de\/wp\/index.php?rest_route=\/wp\/v2\/pages\/18\/revisions\/20"}],"wp:attachment":[{"href":"https:\/\/komba-vgf.de\/wp\/index.php?rest_route=%2Fwp%2Fv2%2Fmedia&parent=18"}],"curies":[{"name":"wp","href":"https:\/\/api.w.org\/{rel}","templated":true}]}}

<p>Unsere Ziele in der Verwaltung:</p>
<p>Leiharbeiternehmer</p>
<p>Einsatz von Leiharbeitnehmern für einen begrenzten Zeitraum!!      Ja<br />
Einsatz von Leiharbeitnehmern in Führungsposition über Jahre        Nein</p>
<p>Qualifizierung und Weiterbildung von VGF Mitarbeitern, das dauert, macht aber richtig Sinn. Mitarbeiter, die eine Qualifizierung durch den Arbeitgeber (AG) erfahren, identifizieren sich erfahrungsgemäß eher mit dem AG. Nachhaltigkeit, die in aller Munde ist, wird hierdurch gelebt.<br />
DAS wollen Wir !!</p>
<p>Leiharbeitnehmer, die von eigenem Personal eingearbeitet werden müssen, was zumindest in der Anfangsphase zu einer Mehrbelastung führt, greifen know-how ab und sind Heuschrecken ähnlich bald wieder verschwunden. Was bleibt ist wieder die Mehrbelastung unserer Mitarbeiter.</p>
<p>Das wollen wir nicht !!</p>
<p>Verwaltung / Technik</p>
<p>1 oder 2 Jahresverträge bei der VGF lehnen wir ab.<br />
In Technik und Verwaltung werden die neuen Mitarbeiter, ausgebildet im eigenen Haus, nur mit 1 oder 2 Jahresverträgen eingestellt.<br />
Das wollen wir nicht !!<br />
Denn, wenn der Arbeitgeber nach einer Ausbildungszeit von 2 ½  – 3 Jahren nicht weiß, ob der Auszubildende für die Stelle geeignet ist, ist in der Ausbildung etwas falsch gelaufen oder der Arbeitgeber hat seine Hausaufgaben nicht gemacht.<br />
Ja, es steht so im TV-N Hessen für die Auszubildenden..<br />
Dennoch ist es kein gutes Signal an die neuen Kolleginnen und Kollegen, ihnen erst mal einen Jahresvertrag anzubieten.</p>
<p>Diese Ansicht wird durch den dbb untermauert.</p>
<p>Von wegen sicherer Arbeitsplatz: Im öffentlichen Dienst ist die Zahl der befristeten Stellen auf einem Rekordniveau. „In den letzten zehn Jahren haben wir im Arbeitnehmerbereich einen Anstieg um etwa 36 Prozent bei den Befristungen zu verzeichnen“, sagte der Zweite Vorsitzende und Fachvorstand Tarifpolitik des dbb, Willi Russ, am 6. März 2014 in Berlin. „In vielen Bereichen kann der öffentliche Dienst schon bei der Bezahlung nicht mit der Privatwirtschaft mithalten. Wenn nun auch mehr und mehr der Faktor Sicherheit wegbröckelt, braucht sich niemand über immer größeren Nachwuchs- und Fachkräftemangel zu wundern.“<br />
„Junge Menschen wollen eine echte Perspektive, bevor sie sich für einen Arbeitgeber entscheiden. Daher fordern wir, die unbefristete Übernahme aller Auszubildenden im Tarifvertrag festzuschreiben“, bekräftigte Russ mit Blick auf die Verhandlungen zur Einkommensrunde mit Bund und Kommunen, die am 13. März in Potsdam beginnen. Von unter 300.000 im Jahr 2002 sei die Zahl der befristeten Stellen im Arbeitnehmerbereich auf über 400.000 im Jahr 2012 gewachsen. „Es ist an der Zeit, ein Zeichen zu setzen und den öffentlichen Dienst als attraktiven Arbeitgeber zu positionieren. Das Ende der heutigen Befristungspraxis und ein deutliches Einkommensplus sind dafür der richtige Weg.“</p>
<p>Unbefristete Arbeitsverträge für alle ehemaligen Auszubildende und neue Mitarbeiter.</p>
<p>DAS wollen wir !!</p>
<p>Bezahlung nach dem Stellenwert.</p>
<p>Es ist immer noch üblich bei der VGF das Mitarbeiter nicht nach Ihrem Stellenwert bezahlt werden.</p>
<p>WIR wollen das nicht !!</p>

<p>Unsere Ziele in der Verwaltung: Leiharbeiternehmer Einsatz von Leiharbeitnehmern für einen begrenzten Zeitraum!!      Ja Einsatz von Leiharbeitnehmern in Führungsposition über Jahre        Nein Qualifizierung und Weiterbildung&#8230;</p>
